2, 3
Let o(f) = f + 12. Let k(b) = -b**2 - 5*b + 5. Let y be k(-6). Let w = -10 - y. List the prime factors of o(w).
3
Suppose -4*o = -3*n - 231, 5*o = -2*n + 40 + 243. What are the prime factors of o?
3, 19
Let c(x) = -x + 5. Let y be c(0). Let k = 7 - y. Let t = k - 0. What are the prime factors of t?
2
Let i(z) = 11*z**3. Let x be i(1). Suppose -2*j = -x + 3. List the prime factors of j.
2
Suppose -2*l + 10*l - 2056 = 0. List the prime factors of l.
257
Let j(p) = -p - 3. Let w(h) = h + 4. Let b(k) = 5*j(k) + 6*w(k). List the prime factors of b(0).
3
Suppose -2*i = i - 18. List the prime factors of (-4)/i*81/(-6).
3
Let o(u) = -10*u + 3*u + 4*u**2 + 2 + 5*u. What are the prime factors of o(-2)?
2, 11
Let v(d) = d - 6. Let y be v(7). Let x = -6 + 11. Suppose 13 = h + 4*m, 4*m = x - y. List the prime factors of h.
3
Suppose 0 = 3*q + 2*d - 56, -4*d - 22 = -5*q + 64. List the prime factors of q.
2, 3
Let t(o) = 3*o + 39. List the prime factors of t(12).
3, 5
Let h(s) = -2*s**2 + 4*s - 2. Let f be h(2). Let y = f - -2. What are the prime factors of (7 - 0) + y + 0?
7
Let h(z) = 20*z**3 - 4*z**2 + 13. Let l(v) = -10*v**3 + 2*v**2 - 7. Let b(o) = 6*h(o) + 11*l(o). What are the prime factors of b(1)?
3
Suppose 2*p + 3*l - 90 = 0, -2*p - p - 4*l = -133. List the prime factors of p.
3, 13
Let i be ((-16)/8)/(1*-1). Suppose -2*j = 3*j + 15, -i*x = -2*j - 42. What are the prime factors of x?
2, 3
Let x = 53 + -9. Let b = x + -23. What are the prime factors of b?
3, 7
Let w(o) be the third derivative of o**5/15 + o**4/8 - o**2. Let t(u) = u + 1. Let s be t(-3). What are the prime factors of w(s)?
2, 5
Suppose 0 = 6*l - 18 - 0. Suppose 5*v - l*v - 118 = 0. What are the prime factors of v?
59
What are the prime factors of 58 + 0 - 0/(-12)?
2, 29
Suppose 0*v = -3*v + 108. List the prime factors of (1*-1)/((-4)/v).
3
Suppose 66 = t + 4*x, 2*x + 32 = 3*t - 152. Let w = t + -17. List the prime factors of w.
3, 5
Suppose 2*c - 42 = -2*u - 3*c, -u + 3*c = -10. List the prime factors of (-5 - -3) + 6 + u.
2, 5
Let v(p) = p + 7. Suppose -3*u + 8*u + 40 = 0. Let l be ((-6)/8)/((-2)/u). What are the prime factors of v(l)?
2
Suppose 0 = -0*y - 3*y + 6. Let p = 0 + y. Suppose -3*k - 2*m - 66 = -8*k, 0 = -5*k - p*m + 54. What are the prime factors of k?
2, 3
Suppose -2*m + 5*h + 4 = 0, 0 = -m - h + 2 - 0. Suppose 13 = m*l - 49. List the prime factors of l.
31
Let t(g) = -g**2 + 9*g - 6. Let p = -5 + 11. Suppose m = -0*m + p. List the prime factors of t(m).
2, 3
Suppose -71 = 5*v - 1. List the prime factors of -1 - 0 - (-7 + v).
2, 5
Suppose -21*c = -16*c + 35. Let q = -4 - c. List the prime factors of q.
3
Suppose -4*c = -82 - 66. What are the prime factors of c?
37
Let o = 16 + 0. List the prime factors of 2 + (-5)/((-10)/o).
2, 5
Let n = -92 + 187. What are the prime factors of n?
5, 19
Suppose 0 = -3*k + 2*q + 610, 0 = k - 7*q + 8*q - 195. What are the prime factors of k?
2, 5
Let f be (-17)/2 + (-3)/6. Let v be (-3)/f - (-11)/3. Suppose -v*n + 29 + 11 = 0. What are the prime factors of n?
2, 5
Suppose 4*z - 3*y = 6*z - 377, -370 = -2*z + 4*y. What are the prime factors of z?
11, 17
Suppose 2*k + 656 = 6*k. What are the prime factors of k?
2, 41
Suppose -s - 5*n = -0*n - 12, 21 = -4*s + 3*n. Let v be (s + 0 + 1)*-7. Let b = -10 + v. What are the prime factors of b?
2
Let c = -1 + 3. What are the prime factors of c?
2
Let y be 2*(21/(-6) - -2). Let k be (-1015)/(-21) + 1/y. Suppose -f - k = -5*f. What are the prime factors of f?
2, 3
Let a = -148 - -308. What are the prime factors of a?
2, 5
Suppose 2*v - 5*f + 0*f + 6 = 0, 0 = 2*v - 4*f + 2. Suppose t - 20 = v. List the prime factors of (-2)/9 - (-114)/t.
2
Suppose 0 = b - 2*x - 7, 8*b - 3*b - 35 = x. Suppose 4*n - 1 = b. List the prime factors of n.
2
Let j be 0/(3 + (0 - 1)). Let u be j/(-2) - (-76)/4. List the prime factors of (-4)/8 + u/2.
3
Let u be (1/1)/(3/18). Suppose 5*t - 5*o = 30, u*t - t - 9 = -2*o. Suppose 0 = 3*w - g + 3 - 25, -3 = t*g. What are the prime factors of w?
7
Let u(i) = i**2 + 3*i - 1. List the prime factors of u(-4).
3
Let k(c) = 3*c**2 - 8*c - 19. List the prime factors of k(9).
2, 19
Let r = 25 - -29. What are the prime factors of r?
2, 3
Suppose -3*o - 5*d + 81 - 23 = 0, 0 = o + 4*d - 24. Suppose 3 = 4*j - 109. Let u = j - o. List the prime factors of u.
2, 3
Suppose 38 = q - 5. List the prime factors of q.
43
Let i be 2 + -1 - (-1 + -1). Suppose -2*d = -5 - i. What are the prime factors of d?
2
Let j(r) = r**3 - r**2 - r + 36. List the prime factors of j(0).
2, 3
Suppose l + 0*l = 6. Let g(p) = p**3 - 6*p**2 + 2*p. List the prime factors of g(l).
2, 3
Suppose 8 = 3*b - 7. Suppose 0 = 4*x - y - 385, 5*x - 465 = -0*x - 2*y. Suppose b*p = -5*o + x, 0*p = -2*o + 3*p + 13. What are the prime factors of o?
2, 7
Suppose 4*v = -5*k - 25, 4*v = 4*k - 0*v - 16. Let f = 9 - 7. List the prime factors of f/k*13/(-2).
13
Let j(a) = 5*a**2 + 18*a + 9. List the prime factors of j(-7).
2
Suppose -2*g - g = -12. Suppose 0*m + 36 = g*m. List the prime factors of m.
3
Let y(p) = -p**2 - 5*p + 6. Suppose 0 = -z - 7*s + 2*s + 14, 4*s - 4 = -2*z. Let r be y(z). Suppose -4*o + r*o = -48. List the prime factors of o.
2, 3
Let m = -4 + 4. What are the prime factors of (15 - (m - -2)) + 0?
13
Let z be 0 + (63/1)/3. List the prime factors of (-1)/((z/(-90))/7).
2, 3, 5
Let g be -7*1 - (8 + -9). Let h(p) = p**2 + 6*p + 2. Let l be h(g). What are the prime factors of (-6 - -4)*(-15)/l?
3, 5
Let n(g) = 2*g + 4. Let f be n(-9). What are the prime factors of (104/f)/(4/(-14))?
2, 13
Let m(h) = -h + 5. Let k be m(8). Let n be 1 + k/(3/(-20)). Suppose 0*y = y - n. List the prime factors of y.
3, 7
Suppose 0 = -2*t + t + 8. Let l be (0 + 0)/(1*2). Let p = l + t. What are the prime factors of p?
2
Let z(l) = l**2 + 9*l - 5. Let b be z(-8). Let y = 17 + b. List the prime factors of y.
2
Let l(v) = v**2 + 5*v + 5. Let m be l(-4). List the prime factors of (m/(-2))/(1/(-4)).
2
Let n(p) = p**3 - 3*p**2 + 3*p + 5. Let c be n(4). Suppose g = -2*d + c, d + 4*g - 13 - 21 = 0. What are the prime factors of d?
2, 7
Let q = 6 - 3. Suppose -3*n + q*u + 6 = 0, -3*u - 13 = -4*n - 0*u. What are the prime factors of n?
7
Let c = -1 - -74. Suppose 0 = 4*d - 5*y - 106, 0 = 2*d + 4*y - c + 7. List the prime factors of d.
29
Let x(y) = y - 3. Let r be x(4). What are the prime factors of r - 1/((-3)/12)?
5
Let i be (-50)/(-6)*6/5. What are the prime factors of (-18)/(-45) + 536/i?
2, 3
Let a(f) be the second derivative of -1/6*f**3 + 0 + 1/12*f**4 - 2*f - 1/2*f**2. What are the prime factors of a(3)?
5
Let b(i) be the first derivative of -i**4/4 + i**3/3 + i**2/2 + 6*i - 1. Let m be b(0). Suppose -3*l + m = -6. What are the prime factors of l?
2
Let n(c) = -c**3 - 8*c**2 + 2. Let y be n(-8). Let w(q) = y + q**3 - q**2 + q**2 + 4*q**2 - 3*q. List the prime factors of w(-4).
2, 7
Suppose 0 = -5*r + r - 5*o, r - 2*o = 0. List the prime factors of (0 - (3 - r)) + 9.
2, 3
Let v(q) = -5*q - 7. Let o(x) = -4*x - 6. Suppose -5*d = 3*b - 20 + 3, -13 = -3*b - d. Let h(a) = b*o(a) - 3*v(a). List the prime factors of h(-5).
2
Let x(u) = -u**3 + 11*u**2 + 16*u + 5. List the prime factors of x(12).
53
Suppose 0 = -3*l - 2*l + 50. Let d(s) = -s**2 - 5*s - 4. Let a be d(-4). Suppose -2*w + l = -q, -4*q + 20 = 4*w - a*q. List the prime factors of w.
5
Suppose 5*a - 2*g = 16, -g - 2*g = -a - 2. Suppose 2*l = l + a. Suppose 3*z = -b - 3 + 2, 3*z = -2*b + l. What are the prime factors of b?
5
Suppose -m = -5*f - 57, -m - 181 = -6*m - f. List the prime factors of m.
37
Let y(i) = -i**3 - 6*i**2 + 3*i + 5. Let h be y(-6). Let a = h + 18. Suppose -a*w + 75 = 5*o, o - 5 = -2*w + 14. List the prime factors of o.
11
Suppose 5*p - 2*p = -5*g - 15, 5*g = -4*p - 20. Let m(r) = -r**3 - 5*r**2 - 3*r. Let o be m(-4). Let f = g - o. What are the prime factors of f?
2
Suppose -5*x + 6 = 4*v - 87, 2*x + 2*v = 38. Let k = x - 2. List the prime factors of k.
3, 5
Let p = -1 + -2. Let u = -1 - p. Suppose u*g - 25 = -3. List the prime factors of g.
11
Suppose -4*p + 4*j = -148, 0*p - 2*j + 40 = p. Suppose 5*l = -6*y + 3*y - p, -3*l = -2*y. What are the prime factors of ((-4)/y)/(4/78)?
13
Let i(u) = 95*u**3 - u**2 + 3*u - 2. What are the prime factors of i(1)?
5, 19
Let z(p